{"id":2764,"date":"2020-04-17T12:34:11","date_gmt":"2020-04-17T10:34:11","guid":{"rendered":"http:\/\/schule-in-adorf.de\/?page_id=2764"},"modified":"2024-01-17T12:47:17","modified_gmt":"2024-01-17T11:47:17","slug":"unterrichtszeiten","status":"publish","type":"page","link":"https:\/\/schule-in-adorf.de\/?page_id=2764","title":{"rendered":"Unterrichtszeiten"},"content":{"rendered":"\n<figure class=\"wp-block-table aligncenter is-style-stripes\"><table><thead><tr><th><span style=\"color:#cd8500\" class=\"has-inline-color\">Unterrichtsstunde<\/span><\/th><th><span style=\"color:#cd8500\" class=\"has-inline-color\">Uhrzeit<\/span><\/th><\/tr><\/thead><tbody><tr><td>1. Stunde + 2. Stunde (Blockunterricht)<\/td><td>7:30 \u2013 9:10 Uhr<\/td><\/tr><tr><td><em>Hofpause<\/em><\/td><td>20 Minuten<\/td><\/tr><tr><td>3. Stunde<\/td><td>9:30 \u2013 10:15 Uhr<\/td><\/tr><tr><td>4. Stunde<\/td><td>10:25 \u2013 11:10 Uhr<\/td><\/tr><tr><td><em>Hofpause\/ Mittagessen (bei 6 Unterrichtsstunden)<\/em><\/td><td>20 Minuten<\/td><\/tr><tr><td>5. Stunde<\/td><td>11:30 \u2013 12:15 Uhr<\/td><\/tr><tr><td>6. Stunde<\/td><td>12:25 \u2013 13:10 Uhr<\/td><\/tr><\/tbody><\/table><\/figure>\n\n\n\n<p><strong><span class=\"has-inline-color has-luminous-vivid-amber-color\">Unterrichtsschluss:<\/span><\/strong><\/p>\n\n\n\n<p class=\"has-text-align-center\">Grunds\u00e4tzlich ist der g\u00fcltige Stundenplan verbindlich f\u00fcr den Unterrichtsschluss des jeweiligen Tages. Sollte jedoch der Unterricht vorzeitig aufgrund von Stundenausfall (hitzefrei o.\u00e4.) enden, wird Ihr Kind bis zum regul\u00e4ren Unterrichtsende betreut.<\/p>\n\n\n\n<p class=\"has-text-align-center\">Der Stundenausfall wird, wenn m\u00f6glich, am Vortag im Hausaufgabenheft vermerkt, welchen Sie mit Ihrer Unterschrift zur Kenntnis nehmen.<\/p>\n","protected":false},"excerpt":{"rendered":"<p>Unterrichtsstunde Uhrzeit 1. Stunde + 2. Stunde (Blockunterricht) 7:30 \u2013 9:10 Uhr Hofpause 20 Minuten 3. Stunde 9:30 \u2013 10:15 Uhr 4. Stunde 10:25 \u2013 11:10 Uhr Hofpause\/ Mittagessen (bei 6 Unterrichtsstunden) 20 Minuten 5. Stunde 11:30 \u2013 12:15 Uhr 6. Stunde 12:25 \u2013 13:10 Uhr Unterrichtsschluss: Grunds\u00e4tzlich ist der g\u00fcltige Stundenplan verbindlich f\u00fcr den [&hellip;]<\/p>\n","protected":false},"author":40,"featured_media":0,"parent":0,"menu_order":0,"comment_status":"closed","ping_status":"closed","template":"","meta":{"ngg_post_thumbnail":0,"footnotes":""},"jetpack_sharing_enabled":true,"_links":{"self":[{"href":"https:\/\/schule-in-adorf.de\/index.php?rest_route=\/wp\/v2\/pages\/2764"}],"collection":[{"href":"https:\/\/schule-in-adorf.de\/index.php?rest_route=\/wp\/v2\/pages"}],"about":[{"href":"https:\/\/schule-in-adorf.de\/index.php?rest_route=\/wp\/v2\/types\/page"}],"author":[{"embeddable":true,"href":"https:\/\/schule-in-adorf.de\/index.php?rest_route=\/wp\/v2\/users\/40"}],"replies":[{"embeddable":true,"href":"https:\/\/schule-in-adorf.de\/index.php?rest_route=%2Fwp%2Fv2%2Fcomments&post=2764"}],"version-history":[{"count":6,"href":"https:\/\/schule-in-adorf.de\/index.php?rest_route=\/wp\/v2\/pages\/2764\/revisions"}],"predecessor-version":[{"id":4454,"href":"https:\/\/schule-in-adorf.de\/index.php?rest_route=\/wp\/v2\/pages\/2764\/revisions\/4454"}],"wp:attachment":[{"href":"https:\/\/schule-in-adorf.de\/index.php?rest_route=%2Fwp%2Fv2%2Fmedia&parent=2764"}],"curies":[{"name":"wp","href":"https:\/\/api.w.org\/{rel}","templated":true}]}}